{"id":12,"date":"2010-09-13T15:21:44","date_gmt":"2010-09-13T18:21:44","guid":{"rendered":"http:\/\/thebirdsolutions.com\/site\/?page_id=12"},"modified":"2010-09-13T22:54:40","modified_gmt":"2010-09-14T01:54:40","slug":"metodologia","status":"publish","type":"page","link":"http:\/\/thebirdsolutions.com\/site\/menu-principal\/metodologia\/","title":{"rendered":"Metodolog\u00eda"},"content":{"rendered":"<p><img loading=\"lazy\" class=\"floatright size-full wp-image-98\" title=\"metodologia-lampara-200px\" src=\"http:\/\/thebirdsolutions.com\/site\/wp-content\/uploads\/2010\/09\/metodologia-lampara-200px.jpg\" alt=\"\" width=\"200\" height=\"200\" srcset=\"http:\/\/thebirdsolutions.com\/site\/wp-content\/uploads\/2010\/09\/metodologia-lampara-200px.jpg 200w, http:\/\/thebirdsolutions.com\/site\/wp-content\/uploads\/2010\/09\/metodologia-lampara-200px-150x150.jpg 150w\" sizes=\"(max-width: 200px) 100vw, 200px\" \/>Sin metodolog\u00eda no hay software de calidad, por eso nosotros apostamos a las m\u00e1s valoradas a nivel mundial.<\/p>\n<h2>Microsoft Solution Framework<\/h2>\n<p>Es nuestra elecci\u00f3n para desarrollos din\u00e1micos ya que nos permite gestionar los proyectos y actividades t\u00e9cnicas de manera racional, pero por sobre todo integrando de manera natural tecnolog\u00eda con gesti\u00f3n.<\/p>\n<h2>Capability Maturity Model Integration<\/h2>\n<p>Es un modelo para la mejora y evaluaci\u00f3n de procesos para el desarrollo, mantenimiento y operaci\u00f3n de sistemas de software. Si bien no estamos evaluados lo conocemos y utilizamos sus bondades.<\/p>\n","protected":false},"excerpt":{"rendered":"<p>Sin metodolog\u00eda no hay software de calidad, por eso nosotros apostamos a las m\u00e1s valoradas a nivel mundial. Microsoft Solution Framework Es nuestra elecci\u00f3n para desarrollos din\u00e1micos ya que nos permite gestionar los proyectos y actividades t\u00e9cnicas de manera racional, pero por sobre todo integrando de manera natural tecnolog\u00eda con gesti\u00f3n. Capability Maturity Model Integration [&hellip;]<\/p>\n","protected":false},"author":1,"featured_media":0,"parent":34,"menu_order":7,"comment_status":"open","ping_status":"closed","template":"","meta":[],"_links":{"self":[{"href":"http:\/\/thebirdsolutions.com\/site\/wp-json\/wp\/v2\/pages\/12"}],"collection":[{"href":"http:\/\/thebirdsolutions.com\/site\/wp-json\/wp\/v2\/pages"}],"about":[{"href":"http:\/\/thebirdsolutions.com\/site\/wp-json\/wp\/v2\/types\/page"}],"author":[{"embeddable":true,"href":"http:\/\/thebirdsolutions.com\/site\/wp-json\/wp\/v2\/users\/1"}],"replies":[{"embeddable":true,"href":"http:\/\/thebirdsolutions.com\/site\/wp-json\/wp\/v2\/comments?post=12"}],"version-history":[{"count":0,"href":"http:\/\/thebirdsolutions.com\/site\/wp-json\/wp\/v2\/pages\/12\/revisions"}],"up":[{"embeddable":true,"href":"http:\/\/thebirdsolutions.com\/site\/wp-json\/wp\/v2\/pages\/34"}],"wp:attachment":[{"href":"http:\/\/thebirdsolutions.com\/site\/wp-json\/wp\/v2\/media?parent=12"}],"curies":[{"name":"wp","href":"https:\/\/api.w.org\/{rel}","templated":true}]}}